. What is the remainder when c is divided by s?
8
Calculate the remainder when 2 + ((-64)/(-2) - 1) is divided by 66/4*57/38*(-16)/(-66).
3
Let j(a) be the second derivative of -a**5/20 + 3*a**4/2 - 5*a**3 - 5*a**2 + 146*a. Calculate the remainder when 90 is divided by j(16).
2
Suppose -3*p = -4*n + 407, p = -2*p - 15. Let i be 15 + (3 - 11 - -3). Suppose -2*s + i = -10. What is the remainder when n is divided by s?
8
Let j(c) = -7*c - 1. Suppose -i + 3*u = -12, 0 = -2*i + 12*u - 11*u + 29. Calculate the remainder when i is divided by j(-1).
3
Let o = 234 + 445. Let r = -648 + o. Calculate the remainder when 78 is divided by r.
16
Let x = 9 + 174. Suppose 579 - x = 11*l. Suppose -i + 9 = -l. Calculate the remainder when i is divided by 26.
19
Let a(d) = d**3 + 12*d**2 - 15*d - 24. Let c be a(-13). Let j be (18/(-15)*-10)/c. Suppose -4*z - j*z + 100 = 0. What is the remainder when 78 is divided by z?
8
Suppose -9*h + 8*h = -14*h + 91. What is the remainder when 34 is divided by h?
6
Suppose 3*f - 2355 = -12*f. Let a = f - 149. What is the remainder when 15 is divided by a?
7
Suppose 357*p = 48*p + 278718. What is the remainder when p is divided by 241?
179
Let v = -5739 - -5772. Calculate the remainder when 308 is divided by v.
11
Let s = 314 + -288. Suppose z - 4*k - 15 = 0, k - 20 = s*z - 27*z. What is the remainder when 82 is divided by z?
6
Let h = -6283 - -6375. What is the remainder when 450 is divided by h?
82
Suppose 46*t + 21*t = 42*t + 575. What is the remainder when 94 is divided by t?
2
Let l = 191 + -190. What is the remainder when 320 is divided by 10/(60/54)*6/l?
50
Suppose 1945 = 13*w + 1776. Let c(x) = -8*x + 6. Let d be c(-6). Let m = d + -6. What is the remainder when m is divided by w?
9
Let p = 8920 + -8745. What is the remainder when 698 is divided by p?
173
Let f = 421 + -2. Let w = -302 + f. Calculate the remainder when w is divided by 15.
12
Let a(j) = -51*j - 30. Let l be a(-10). Let f = l + -455. What is the remainder when f is divided by 17?
8
Suppose -14*w + 11*w + 3*l = -21, -4*l - 7 = -w. Calculate the remainder when 54 is divided by w.
5
Let l(u) = 26*u**2 - 10*u + 14. Let h be l(-4). Let d = -461 + h. Calculate the remainder when 161 is divided by d.
8
Let d(m) = m**2 + 6*m + 6. Let g be (60/(-9))/(-5)*33. Calculate the remainder when 1080/g + 24/(-44) is divided by d(-7).
11
Let v = -402 + 639. Suppose 2 = -5*h + v. Calculate the remainder when h is divided by 9*3/(-3)*(-14)/21.
5
Let l be -14 + 310 + (2 - 1). Calculate the remainder when (4 + (-11)/3)*l is divided by 18.
9
Let y(a) = 10*a**2 + 40*a - 39. What is the remainder when y(2) is divided by (-3)/(-6) - 266/(-4)?
14
Let x(g) = 10*g - 47. Let p be ((-180)/(-20))/(0/1 + 1). What is the remainder when 139 is divided by x(p)?
10
Let s = -117 - -196. Suppose r - 21 = 7. Calculate the remainder when s is divided by r.
23
Suppose c + 4*c = 75. Let l be (-3)/5 + 69/c. Calculate the remainder when (2/(-3))/(l/(-258)) is divided by 23.
20
Let y(g) = -g**2 - 8*g - 12. Let z be y(-5). Suppose 65 = z*c - 37. Let v = -20 + c. What is the remainder when 39 is divided by v?
11
Let n = -18561 - -19080. Calculate the remainder when n is divided by 6.
3
Suppose 14 = -5*m - 1. What is the remainder when 1/(3/(-513)*m) is divided by (-12)/(-8 - -5 - -2)?
9
Suppose -8*s + 13236 = 4*f, -33*f - 8250 = -5*s - 38*f. What is the remainder when s is divided by 18?
3
Let s(v) = 21*v + 9. Let t be ((54/24)/((-6)/16))/(-2). Suppose -5*z - 35 = -h, -2*h = 2*z + 6 - 28. Calculate the remainder when s(t) is divided by h.
12
Let h = -898 - -907. What is the remainder when 375 is divided by h?
6
Let f(t) = 4*t**2 + 524*t - 2703. Suppose -u - 320 = -6*u. Suppose -s + u = 2. What is the remainder when s is divided by f(5)?
11
Suppose -3*k - 642 = -3*n, -n + 4*k - 22 + 218 = 0. What is the remainder when 655 is divided by n?
215
What is the remainder when (8/40*-1194)/(9/(-120)) is divided by 65?
64
Suppose -7*o = 96 - 47. What is the remainder when 222 is divided by o + (6 - -28) - -2?
19
Calculate the remainder when (159 + -538)*4/(-2) is divided by 82.
20
What is the remainder when 25725/12 - (-2)/(24/(-9)) is divided by 55?
53
Suppose 107*k - 1015 = 1981. Calculate the remainder when 9210 is divided by k.
26
What is the remainder when 72 is divided by -8 + -1 + 7 + 64?
10
Let y(b) = -290*b + 1219. What is the remainder when 3419 is divided by y(4)?
56
Suppose 0 = 237*z - 23565 - 91110 - 26340. Calculate the remainder when z is divided by 49.
7
Suppose 5*p - 833 = -5*z + 217, -2*p + 2*z = -416. What is the remainder when p is divided by 19?
0
Suppose -t = 3*z - 30, 2*t = -5*z - 2 + 53. Calculate the remainder when (0 - 6/22) + 1024/44 is divided by z.
5
Let w(s) = s**3 - 7*s**2 - 6*s + 103. What is the remainder when w(7) is divided by 44?
17
Let v(s) = -2*s**3 - 131*s**2 - 68*s + 96. What is the remainder when v(-65) is divided by 80?
51
Suppose -14*h + 10*h = -60. Let f be h/9 + (-8)/(-24). Calculate the remainder when -4 - (f*-32 + -1) is divided by 16.
13
Let q(r) = 12 - 6*r + 3*r**3 + 2 - r**2 - 9. What is the remainder when q(3) is divided by (4/5)/(2/50)?
19
Suppose 0 = 5*m - 3*w - 56 + 3, 5*m - 4*w - 54 = 0. Suppose m*t - 57 = 9*t. Calculate the remainder when t is divided by (-5)/(10/(-32)) - 1.
12
Suppose 917 = 5*w + 4*n, -3*w + 558 = -2*n + 7*n. Let s = 202 - w. Calculate the remainder when 46 is divided by s.
4
Let w(f) = -5*f**3 - f**2 + 1. Let m be w(1). Let v(k) = k**2 - 2*k + 3. Calculate the remainder when 72 is divided by v(m).
34
Let l = -7741 - -7793. What is the remainder when 236 is divided by l?
28
Let a = -1951 + 1989. Calculate the remainder when 27167 is divided by a.
35
Let b(a) = 6*a - 5*a + a + 1. Let g be b(1). Suppose g*l - 5*n = 118, -l - 34 = -2*l - n. Calculate the remainder when 71 is divided by l.
35
Suppose 98*c - 5768 = -43*c + 6499. What is the remainder when c is divided by 16?
7
Let w be 2/(-3)*(-6 + 15/10). Suppose w*j = -k + 253, -2*k = -7*j + 11*j - 334. Calculate the remainder when j is divided by 22.
20
Suppose -2*f - 2*r = -90, 69*r = 3*f + 68*r - 155. Calculate the remainder when 3195 is divided by f.
45
Calculate the remainder when ((-8)/(-20) - (-9302)/20)/((-25)/(-50)) is divided by 102.
13
Suppose -80*c + 1876 = -13*c. What is the remainder when 93 is divided by c?
9
Let d(v) = -v**2 + 354*v - 2027. Calculate the remainder when 825 is divided by d(6).
32
Let m(v) = -9*v**3 + 3*v**2 + 3*v + 1. Let o be m(-2). Suppose o*t - 75*t - 36 = 0. What is the remainder when 13 is divided by t?
4
Let m = 847 - 781. Calculate the remainder when 854 is divided by m.
62
Let y(s) = -8*s**3 - 63*s**2 - 29*s - 29. Calculate the remainder when y(-12) is divided by 54.
49
Suppose -5*l - 4*j - 373 = 0, -5*l - 79 = j + 303. Calculate the remainder when -9*14/(-21) - l is divided by 32.
19
Suppose 4*y + 0*y - 5*p = 109, y - p = 27. Calculate the remainder when y is divided by 10/(-4)*24/120*-8.
2
Let a(k) = -3*k - 5 - 21 + 5. Let u(s) = s**2 - 6*s - 25. Calculate the remainder when a(-25) is divided by u(11).
24
Let j(p) = -219*p - 1934. Calculate the remainder when 119 is divided by j(-9).
8
What is the remainder when ((-33401)/889)/(1/(-7)) is divided by 38?
35
Suppose 0 = 4*v + 3*t - 18, -2*v + 6 = 2*t - 2. Suppose 60 = 12*o - v*o. Calculate the remainder when o is divided by 7.
3
Let m be ((-32)/6)/((-1)/6). Let s = m - 32. Suppose -w + s + 2 = 5*g, -3*g = 0. What is the remainder when 5 is divided by w?
1
Let r = -89 + 91. Suppose m - 128 = w - 41, 0 = r*m + w - 174. Suppose -s + 35 - 20 = 0. Calculate the remainder when m is divided by s.
12
Suppose t + 1 = 1. Suppose t = 3*c - 424 + 28. Suppose -13*u + 2*u = -c. Calculate the remainder when 33 is divided by u.
9
Let s be -2*(-2)/(-6) + 40/6. Suppose -15*r + 12*r = -s. Suppose 5*m - r*m - 5*f - 63 = 0, -4*f = m - 38. What is the remainder when m is divided by 15?
11
Suppose -190*d + 9442 - 15 = -2353. What is the remainder when 8797 is divided by d?
55
Suppose 0 = -187*j + 214*j - 10476. What is the remainder when j is divided by (5/(-3))/((-4)/156)?
63
Suppose -9*f - 480 = -3*f. Let m = 136 + -130. What is the remainder when 94 is divided by m/5*f/(-6)?
14
Let r = -1922 + 2160. Calculate the remai